alculate b(-7).
96
Let o(i) = -4*i**2 + 318*i - 155. What is o(79)?
3
Let m(v) = -13*v**2 + 369*v + 108. Give m(28).
248
Let w(s) = s**3 - 15*s**2 - 9*s + 80. What is w(15)?
-55
Let h(c) = -2*c**2 - 20*c + 456. Give h(11).
-6
Let a(m) = 184*m - 7543. What is a(41)?
1
Let h(w) = -w**2 + 284*w - 1104. Determine h(4).
16
Let a(p) = -p**2 - 30*p - 328. Calculate a(-16).
-104
Let z(w) = -4*w**2 - 10*w + 6. Give z(-3).
0
Let p(f) = -90*f**2 - 534*f + 12. Calculate p(-6).
-24
Let p(r) = -r**3 + 12*r**2 - 19*r - 1. Calculate p(10).
9
Let l(f) = -7*f - 37. What is l(34)?
-275
Let t(i) = i**3 + 73*i**2 + 276*i + 13. What is t(-4)?
13
Let l(x) = -3*x**2 + 20*x - 129. What is l(11)?
-272
Let k(b) = b**3 + 5*b**2 + 10*b + 12. Calculate k(-5).
-38
Let v(c) = -74*c**2 + 321*c - 1305. Calculate v(4).
-1205
Let x(l) = -2*l**3 + 151*l**2 + 1708*l - 16. Determine x(-10).
4
Let i(u) = -u**2 + 58*u - 451. Determine i(8).
-51
Let p(q) = -q**3 + 35*q**2 + 202*q - 76. What is p(40)?
4
Let t(p) = -p**3 + 2*p**2 - 22*p + 37. Determine t(2).
-7
Let f(a) = 2*a**2 - 6*a - 15. What is f(5)?
5
Let q(c) = -21*c**2 + 17*c - 1. Calculate q(-3).
-241
Let o(j) = j**2 - 21*j - 888. Determine o(42).
-6
Let i(b) = -6*b**3 - 5*b**2 - 5*b + 6. Calculate i(2).
-72
Let g(h) = -2*h**2 - 48*h - 287. Give g(-13).
-1
Let r(k) = 54*k - 120. What is r(2)?
-12
Let c(n) = n**3 + 6*n**2 - 19*n - 4. Determine c(-8).
20
Let w(p) = -10*p**2 + 22. What is w(-3)?
-68
Let i(w) = -w**2 - 27*w - 119. Determine i(-4).
-27
Let q(n) = -n**3 + 51*n**2 - 143*n + 15. Determine q(48).
63
Let d(o) = -3*o**3 + 63*o**2 + 4*o - 117. What is d(21)?
-33
Let c(v) = v**2 - 312*v - 7006. What is c(-21)?
-13
Let d(n) = n**3 - 17*n**2 - 41*n + 1. What is d(-2)?
7
Let r(m) = 388*m + 77. Calculate r(0).
77
Let n(x) = 17*x + 142. Give n(-7).
23
Let n(f) = -24*f - 20. Calculate n(3).
-92
Let l(x) = -x**2 - 94*x - 640. What is l(-86)?
48
Let q(f) = f**2 + 42*f - 314. Determine q(-50).
86
Let w(x) = 31487*x - 188919. Calculate w(6).
3
Let l(r) = -46561*r - 372494. Determine l(-8).
-6
Let y(p) = -11*p**2 - 212*p + 151. Give y(-20).
-9
Let i(w) = -4*w**3 + 479*w**2 + 44*w + 9122. Calculate i(120).
2
Let q(n) = -473*n + 4724. Give q(10).
-6
Let w(h) = 3*h**3 - 5*h**2 + 10*h - 19. Calculate w(2).
5
Let o(f) = -4056*f - 40537. Calculate o(-10).
23
Let h(l) = -3*l**3 - 178*l**2 + 122*l + 128. Calculate h(-60).
8
Let x(h) = -68*h + 420. Determine x(7).
-56
Let b(o) = o**2 + 39*o - 488. What is b(-49)?
2
Let t(j) = -6*j - 35. Calculate t(-22).
97
Let m(h) = -647*h + 1938. What is m(3)?
-3
Let s(x) = 37*x - 271. What is s(5)?
-86
Let x(i) = i**2 + 23*i - 104. Calculate x(-24).
-80
Let p(d) = d**2 + 94*d - 3250. Determine p(27).
17
Let t(v) = -6189*v + 19. Give t(0).
19
Let f(d) = d**3 + 86*d**2 - 163*d + 1140. Determine f(-88).
-4
Let b(s) = s**3 + 54*s**2 - 4*s - 213. Give b(-54).
3
Let t(m) = -2*m**2 - 7*m + 198. Calculate t(13).
-231
Let f(b) = -6*b**3 - 57*b**2 - 23*b + 13. Give f(-9).
-23
Let r(f) = -f**3 + 29*f**2 - 70*f - 106. Give r(26).
102
Let l(t) = -t**2 + 55*t - 158. Determine l(52).
-2
Let k(i) = 4*i**2 - 112*i - 217. Calculate k(30).
23
Let i(h) = -2*h**2 - 21*h + 15. What is i(4)?
-101
Let b(m) = 71*m + 1010. What is b(-13)?
87
Let m(y) = -10*y**2 + 3*y + 5. Determine m(3).
-76
Let f(k) = -401*k + 1783. Determine f(7).
-1024
Let u(t) = 727*t + 15977. Determine u(-22).
-17
Let v(d) = -21*d + 1453. Calculate v(70).
-17
Let h(y) = 128*y + 7696. Calculate h(-60).
16
Let k(p) = 2*p**3 - 23*p**2 + 31*p - 2. Calculate k(10).
8
Let d(x) = -20*x - 380. What is d(-19)?
0
Let t(b) = -2*b**2 + 18*b - 4. Determine t(8).
12
Let t(h) = -20*h**2 + 1. What is t(1)?
-19
Let j(h) = h**3 - 20*h**2 - 38*h - 94. Determine j(22).
38
Let p(i) = -4583*i + 4581. Give p(1).
-2
Let x(p) = 30*p**2 + 189*p - 105. Give x(-7).
42
Let u(o) = -o**2 + 227*o - 1527. What is u(7)?
13
Let h(l) = -l**3 - 9*l**2 + 23*l + 17. Calculate h(-11).
6
Let y(k) = -169*k + 2514. Give y(15).
-21
Let m(q) = 18*q - 13. Give m(-1).
-31
Let o(z) = -z**3 + 8*z - 66. Determine o(0).
-66
Let k(o) = -4*o**2 - 31*o - 45. Calculate k(-5).
10
Let d(z) = 836*z - 77758. What is d(93)?
-10
Let x(r) = -6*r**2 + 607*r - 2447. Determine x(4).
-115
Let f(q) = q**2 - 232*q - 10604. What is f(-39)?
-35
Let k(p) = -p**3 + 4*p**2 + 13*p - 9. Determine k(7).
-65
Let f(c) = -19*c + 480. Give f(25).
5
Let w(x) = -33*x**2 - 348*x + 180. What is w(-11)?
15
Let z(v) = 444*v - 1810. What is z(4)?
-34
Let k(d) = -12*d + 663. Determine k(67).
-141
Let w(b) = 179*b + 701. What is w(-4)?
-15
Let l(u) = u**3 + 46*u**2 - 8*u - 357. Calculate l(-46).
11
Let t(v) = -293*v - 1464. Give t(-5).
1
Let n(g) = -6*g**3 + 62*g**2 - 65*g + 452. Calculate n(10).
2
Let a(h) = 39*h**3 - 2*h**2 - 9*h - 5. What is a(-1)?
-37
Let d(t) = -t**3 - 16*t**2 - 378*t - 8270. Calculate d(-19).
-5
Let l(c) = -c**3 - 12*c**2 - 10*c + 140. What is l(-10)?
40
Let q(c) = 848*c + 15255. Determine q(-18).
-9
Let m(o) = -o**2 + 14*o + 208. Give m(-9).
1
Let l(q) = -14*q**2 + 120*q - 502. What is l(4)?
-246
Let r(q) = -13*q + 312. Give r(-31).
715
Let n(p) = -739*p - 16268. Calculate n(-22).
-10
Let t(o) = -630*o - 12645. Determine t(-20).
-45
Let f(j) = 2*j**2 + 101*j - 380. Calculate f(-54).
-2
Let n(y) = 180*y - 3933. Give n(22).
27
Let i(m) = 26*m**2 + 91*m + 423. What is i(-4)?
475
Let s(o) = 2*o**2 + 18*o - 1171. Determine s(-29).
-11
Let o(p) = -1053*p - 33669. What is o(-32)?
27
Let u(q) = -15*q**3 + 5*q**2 - 27*q + 4. Give u(3).
-437
Let k(o) = 1722*o - 34427. What is k(20)?
13
Let b(k) = k**2 + 437*k + 21964. What is b(-58)?
-18
Let w(n) = 2*n**3 - 11*n**2 - 122*n + 4. Calculate w(11).
-7
Let i(j) = -2*j**2 + 1022*j + 39393. Determine i(-36).
9
Let h(j) = -55*j**2 + 12*j + 2. Calculate h(2).
-194
Let c(m) = 4*m**3 - 139*m**2 - 182*m + 63. Calculate c(36).
-9
Let d(v) = 816*v + 8964. What is d(-11)?
-12
Let r(d) = -d**3 - 101*d**2 + 120*d + 1833. Give r(-102).
-3
Let x(o) = -70*o**3 - 2*o**2 + 11*o - 9. What is x(1)?
-70
Let v(k) = 50*k - 766. Determine v(15).
-16
Let q(v) = 3*v**2 + 227*v + 2370. What is q(-12)?
78
Let d(r) = -2*r**3 + 20*r**2 + 36*r + 3. Determine d(11).
157
Let k(m) = 3*m**2 - 147*m + 924. Determine k(42).
42
Let d(m) = 104*m - 529. What is d(5)?
-9
Let r(w) = -2488*w - 22388. Calculate r(-9).
4
Let v(c) = -3*c**2 - 71*c + 75. Determine v(-24).
51
Let w(m) = 23*m**2 - 111*m + 128. What is w(2)?
-2
Let t(s) = 24*s**2 + 383*s + 360. Determine t(-15).
15
Let s(p) = -127*p - 70. What is s(-1)?
57
Let d(x) = 2*x**2 + 3*x - 12. Calculate d(-4).
8
Let z(x) = 10*x - 560. What is z(-6)?
-620
Let q(v) = 19*v**2 + 1407*v + 107. Give q(-74).
33
Let i(z) = 12*z + 1741. What is i(-142)?
37
Let p(c) = -16*c**2 - 341*c - 86. What is p(-21)?
19
Let w(q) = 23*q + 1527. Give w(-57).
216
Let h(i) = 28*i - 427. Calculate h(16).
21
Let g(a) = a**3 + 11*a**2 - 194*a - 2181. Determine g(-12).
3
Let l(r) = r**3 - 10*r**2 - 17*r - 79. Calculate l(12).
5
Let u(l) = 8*l**3 - 4*l**2 - 58*l + 2. Determine u(4).
218
Let t(u) = -493*u - 136066. Calculate t(-276).
2
Let t(w) = 2*w**2 - 59*w - 595. Determine t(-8).
5
Let z(v) = v**3 + v**2 - 46*v - 129. Calculate z(-3).
-9
Let o(u) = -u**3 - 4*u**2 + 108*u + 1. Give o(0).
1
Let k(z) = -511*z + 3016. Determine k(6).
-50
Let w(g) = -g**2 + 54*g + 1059. Determine w(69).
24
Let p(u) = -u**2 + 58*u + 749. Determine p(-12).
-91
Let o(z) = 2*z**3 - 15*z**2 - 143*z - 43. Determine o(-5).
47
Let d(q) = 734*q - 5838. Determine d(8).
34
Let n(v) = 2206*v - 13236. Give n(6).
0
Let z(s) = 2*s**3 + 252*s**2 + 2*s + 107. Calculate z(-126).
-145
Let a(y) = -3*y**3 - 46*y**2 + 534*y + 125. Determine a(-23).
10
Let r(d) = -d**3 - 77*d + 939. What is r(0)?
939
Let b(d) = 21*d**2 + 214*d + 368. What is b(-8)?
0
Let j(a) = a**3 - 67*a**2 + 128*a + 89. Give j(65).
-41
Let a(r) = 30*r - 541. Determine a(13).
-151
Let w(x) = -3*x**3 - 230*x**2 - 1770*x - 138. What is w(-68)?
-2
Let z(x) = -29*x**2 - 435*x - 15. Determine z(-15).
-15
Let w(k) = 101*k - 3811. Give w(38).
27
Let y(b) = -31*b - 1382. What is y(-41)?
-111
Let y(b) = -b**3 + 16*b**2 - 3*b - 345. Determine y(14).
5
Let p(a) = a - 77. Give p(12).
-65
Let t(r) = -5*r**2 - 87*r - 51. What is t(-16)?
61
Let c(v) = v**3 + 51*v**2 - 213*v + 389. Determine